, 967 = p*c - c - 3*u. Is c a prime number?
True
Let b(j) = -1331 + 227*j + 495*j + 1415. Is b(5) composite?
True
Let t(x) = -x + 10. Let v(h) = -3*h + 20. Let i(u) = 5*t(u) - 2*v(u). Let z be i(-5). Suppose z*n + 4*b = -0*b + 1315, -n = -5*b - 263. Is n a composite number?
False
Is (-8 + -5283739)/(-7) - (-22 + 32) prime?
True
Let s(g) = g**2 + 17*g + 6. Let m be s(-17). Suppose -b + z = -z + 3, 3*b - m = z. Suppose 0 = b*l + 5*j - 1723, -4*j + 2889 = -0*l + 5*l. Is l a prime number?
False
Let l be (-36)/30*60/(-18). Is 362471/(-58)*-3*l/6 prime?
False
Let x = 11 + -9. Suppose 0 = v - 0 - x. Suppose -j - v*j = -561. Is j prime?
False
Let i(g) = g**3 + 5*g**2 - 19*g - 16. Suppose 7*d + 98 = -7*d. Is i(d) prime?
True
Let k(n) = -150*n**3 + 10*n**2 + n - 65. Is k(-6) composite?
True
Let m = -285691 - -400934. Is m a prime number?
False
Suppose q = 5*q - 39588. Is q/(((-16)/4 - -3)*-3) a composite number?
False
Let r(a) = -a**2 + 8*a + 7. Let f be r(7). Suppose -42 = -f*w + 28. Suppose -w*h - 213 = -8*h. Is h a composite number?
False
Let y = 3811 - -1396. Is y composite?
True
Suppose s - 4*y + 0*y - 40 = 0, 4*s + y = 160. Suppose 0*w = -10*w + s. Suppose -4667 = -w*m + 857. Is m composite?
False
Let t(m) = 25*m**2 - 10*m + 7. Let a be (6 - 3) + 5 + -7. Let v(r) = r**2 - r. Let k(b) = a*t(b) - 5*v(b). Is k(4) composite?
False
Suppose -39 = -5*a + 6. Let t be ((-24)/(-15) + 2)/(a/60). Suppose -17*n = -t*n + 9205. Is n prime?
False
Suppose -4415 = i - 20077. Let l = -11043 + i. Is l a composite number?
True
Let n(f) be the third derivative of 14/3*f**3 + 113/24*f**4 + 0 + 0*f - 6*f**2. Is n(3) prime?
True
Suppose -4483 = -t + 4257. Suppose -t = -6*a - 862. Is a a composite number?
True
Let z(l) = -190468*l + 3. Is z(-1) composite?
False
Let i = 127 - 129. Is (-3 + (22237 - 1))*i/(-6) a prime number?
True
Let y be -2773 + 9 - 0/2. Let z = -1496 - y. Suppose -29*a + 33*a - z = 0. Is a composite?
False
Suppose h = 1 + 13. Is (6609/12)/(h/112) a prime number?
False
Is 71639/3*((-15)/(-15) + 2) composite?
True
Suppose -5*l + 4*r = 4, -1 = -2*l + 2*r - 3. Suppose l*q = 3*q - 2460. Let i = q + -423. Is i a composite number?
False
Suppose q = 35 - 7. Suppose -39*h + q*h = -22693. Is h a composite number?
False
Suppose -3*m + 272*b - 277*b + 191757 = 0, -5*m + 3*b + 319561 = 0. Is m a prime number?
False
Let u = 7688 + 36393. Is u a composite number?
True
Is (-5416149)/(-238) + (-3)/(-42) a composite number?
True
Suppose 0 = -n + 2*g + 7, -3*n - 21 = -3*g - 48. Let t(z) = 12*z + 71. Is t(n) composite?
True
Let p(z) = z + 12. Let v be p(-8). Suppose -v*y + 7408 = 124. Is y a composite number?
True
Let u(z) = 534*z - 8399. Is u(109) composite?
False
Suppose -3*t + s = 6, s = -t + 1 - 7. Let i(u) = -424*u**3 + 6*u**2 + 5*u - 16. Is i(t) composite?
False
Let w be 1/(-2) + (-22)/(-44). Suppose 595 = 3*v - 5*b, 2*v + w*v - 2*b - 390 = 0. Suppose -v = -14*y + 12*y. Is y composite?
True
Let y = -10639 - -27565. Suppose 4*x = -2*g + 23762, x - y = -g - 5043. Is g a composite number?
True
Let c = 39525 + -8870. Is (4 - 2)/(10/c) composite?
False
Suppose -2*p + 5*f = -49, 68 = -0*p + 4*p - 4*f. Suppose -p*q = -11*q - 3. Is (q - 2)/(5/235) a prime number?
True
Suppose 94 = 2*a + 3*f, 252 = 5*a - f - 0*f. Let q(l) = -19*l**3 - l**2 + 5. Let s be q(2). Let w = a - s. Is w a composite number?
True
Suppose -81*k = -80*k + 455. Let r = 640 + k. Is r prime?
False
Let s = -103 - -111. Is (-4*(-16838)/s)/(-3 + 4) a composite number?
False
Let t = 46 + -52. Let y(c) be the third derivative of -7*c**4/6 - 25*c**3/6 + 9*c**2. Is y(t) composite?
True
Suppose 5*f + 5*l - 41870 = 0, -l = -2*f + 9761 + 6987. Suppose -f = -2*d + 10*t - 6*t, -5*t = -3*d + 12556. Is d a prime number?
True
Let i(p) = -p**3 + 6*p**2 + p - 3. Let k = -33 + 39. Let c be i(k). Is 4 + (c - 4 - -146) a prime number?
True
Suppose -3*u + 3*s = -447729 - 434217, -2*s + 1469917 = 5*u. Is u composite?
False
Is 2*(8/(-2) + (-86301549)/(-438)) composite?
False
Let c(h) = 15*h**3 + 4*h**2 - 3*h + 2. Let l be c(4). Suppose 0 = 44*n - 46*n + l. Let t = 718 - n. Is t a prime number?
True
Let w be 1983*(-2)/12*-2. Let v = 30366 - 23950. Let x = v - w. Is x a prime number?
False
Let w(t) = 30*t**2 + 15*t - 12. Suppose -a = -0*a - 5*q + 6, -a = 3*q + 14. Is w(a) a composite number?
True
Let k(z) = 5*z**3 - 6*z**2 + 13*z + 52. Let v be k(-9). Let l = 6831 - v. Is l a composite number?
False
Let l(m) = -m**3 + 5*m**2 - 2*m - 8. Let t be l(3). Suppose -5*b - p + 175 = -t*b, 5*b - 3*p - 907 = 0. Is b composite?
False
Let k be (3 + -2)*-4 + 1557. Suppose -5*x - k = 2037. Let s = x - -1007. Is s a prime number?
False
Suppose j = -3 + 11. Suppose -210 = j*o - 13*o. Suppose -739 = -43*b + o*b. Is b prime?
True
Suppose 3*d = 2*h - 54037, 4*h = 5*h + 5*d - 27051. Is h composite?
True
Suppose -h = 5*d - 63648, -11*h + 6*h + 3*d + 318324 = 0. Is h a composite number?
True
Suppose 6*h + 115185 = -3*r + 10*h, 0 = -4*r + h - 153567. Let n = r - -60596. Is n composite?
True
Suppose -433*s + 427*s = -54. Is (s + -2 - 10) + -2 + 12136 composite?
True
Let o = 538896 - 307757. Is o prime?
False
Let x(r) = r**3 - 3*r**2 + 5*r - 5. Let i be x(2). Is (5212 - (8 - 4)) + (i - 0) a prime number?
True
Is ((-8895232)/48 - 13)/((-3)/9) composite?
True
Let i = -581 + 344. Is (-20 - 0)*(2 + i/12) a prime number?
False
Let z = 2687 - 1030. Is z a composite number?
False
Is 7/28 + (6618 + 0)*(-2133)/(-216) a prime number?
True
Suppose -15*v + 58027 + 23558 = 0. Suppose v = w + 2*s, s = w - 5*w + 21728. Is w a composite number?
False
Let j = 15347 - 36506. Let i = -10626 - j. Is i composite?
True
Suppose 2625966 = 9*w - 877293. Is w a prime number?
False
Suppose -2 = -11*l + 53. Suppose 4 = -4*a, l*a = -4*i + 6*a + 7877. Is i a prime number?
False
Is 63357 + (11 - 2) + (70/(-2))/(-5) prime?
False
Suppose 0 = 4*j - 2*j + 4, -5*x + 4 = 3*j. Suppose 6*h + x*m = 3*h + 7301, 2432 = h + m. Is h composite?
False
Let w be 0 - (-2)/(-2) - -38. Suppose -s + 7 = 4*t + w, 0 = 5*s + 2*t + 150. Is (1*123/(-6))/(5/s) prime?
False
Suppose -5*k = 4*p - 7, 0 = -8*p + 13*p + 4*k - 11. Suppose 0 = 5*l - p*f - 3367, 0 = -l - 3*f + 79 + 598. Is l composite?
True
Suppose 15*c - 974039 - 1441086 = 1103620. Is c prime?
False
Suppose -13*k - 2251399 = -5*s - 11*k, 0 = -3*s + 6*k + 1350873. Is s a composite number?
False
Let b = -2345 - -5280. Is (-3 + 2 + 0)*b/(-1) composite?
True
Suppose 269*f - 189*f = 158800. Is f a composite number?
True
Let t = 104 + 12675. Is t composite?
True
Suppose 0 = -239*c + 244*c - 1349795. Is c a composite number?
True
Let k be 3*(-44)/33 - (-2)/2. Is (-4 - -7) + (k - -17729) prime?
True
Let c = -924259 - -1533276. Is c a prime number?
False
Let m(d) = 2*d**3 - 16*d**2. Let t be m(8). Suppose 29*j - 24*j - 25855 = t. Is j composite?
False
Suppose 2*c = -3*f + 13, -3*c + 12 = -0*f + 2*f. Suppose 18056 = 4*k - f*k + 3*i, -4*k = 4*i - 72232. Is k a composite number?
False
Suppose -8*g + 1122995 = j + 423886, 0 = -j - 4*g + 699093. Is j a composite number?
False
Let p = -4775 - -527. Let j = p - -7109. Is j composite?
False
Let g = 115381 + -47240. Is g prime?
True
Let r(j) = j + 14 - 9*j + 5*j**2 + 4*j**2. Let v be r(-8). Suppose 6*b - v = 4092. Is b composite?
True
Suppose -s + 31327 = 2*b, 4*b - 47173 - 15446 = 5*s. Is b a composite number?
False
Let o(i) = 155*i**2 - 4*i + 6. Let l be o(1). Let g = 1434 - l. Is g a composite number?
False
Let y = 3249687 + -1763684. Is y a prime number?
True
Let x = -2208189 - -4057754. Is x a composite number?
True
Let n(s) be the first derivative of -s**3/3 - 3*s**2 + 3*s - 15. Let i be n(-5). Suppose 0 = i*u - 2*u - 4302. Is u composite?
True
Let v be (-1)/((-1)/793*1). Let l be 2307/(-5) - (-3)/(-5). Let d = v + l. Is d prime?
True
Suppose -29*x = -76*x + 29338199. Is x prime?
False
Suppose -14*a + 516408272 = 277*a + 40958213. Is a prime?
False
Is (-4 - -2772) + (-20 - -25) a composite number?
True
Let o(m) = -851*m + 542. Is o(-15) a prime number?
False
Is (-2)/(-3) + 5/((-165)/(-7932023)) prime?
False
Let i = 191 + -187. Suppose -y + 3693 = i*h, -14789 = -4*y - 0*h + h. Is y composite?
False
Let q(z) = 2*z**3 + 2*z + 1053. Let l be q(0). Let m = l - -428. Is m composite?
False
Let t(b) = b**3 + 28*b**2 + 38